git of z?
4
Let c = 1286 - 909. Suppose -5*j - 2*u - 23 = -c, -2*j + 5*u = -159. What is the tens digit of j?
7
What is the hundreds digit of 893 - 0 - ((-8 - -23) + -10)?
8
Suppose 20 = -5*h + 7*h. What is the tens digit of (-8)/h*(-60)/(0 - -2)?
2
Let o be 2/(-5) - 404/(-10). Let l = -425 - -427. Suppose -6 = -l*q + o. What is the tens digit of q?
2
Let u(q) = 2*q**3 - 9*q**2 + 8*q + 9. Let r = -44 - -49. What is the tens digit of u(r)?
7
Let m(x) = -x**2 - 7*x - 12. Let i be m(-8). Let v = 15 - i. Let q = v - -5. What is the units digit of q?
0
Let c(l) = -l - 77. Let g be c(0). Let q = g + 163. Suppose 5*f - 44 = q. What is the units digit of f?
6
Suppose 2 = -2*q, -4*h = -3*q - 13 - 218. What is the units digit of h?
7
Let n = 16 - 16. Suppose 2*o - 10 - 178 = n. What is the tens digit of o?
9
Suppose 38*s = 70*s - 23200. What is the units digit of s?
5
Let l(f) = -10*f + 2. Let d be l(-3). Suppose z - d = 4. What is the units digit of z?
6
Let v(w) = 54*w**2 + 3*w + 2. Let h be (-2 + 3)*(3 + -4). Let n be v(h). Let b = n - 30. What is the units digit of b?
3
Let c = 0 + 3. Suppose -c*g + g + 58 = 0. What is the units digit of g?
9
Let b(j) = -4*j**2 + 1. Let c be b(1). Let x be c/(5/((-50)/6)). Suppose -3*w = -x*w + 14. What is the units digit of w?
7
Suppose u = -5*z + 49, -z = 2*z - 4*u - 34. Suppose -2*m + 146 = o + z, 0 = -4*o + 5*m + 596. Suppose o = 3*a - 0*a. What is the units digit of a?
8
Let b = -13 + 19. Suppose b*z - 8*z + 114 = 0. What is the units digit of z?
7
Let u = -57 - -34. Let g = u + 38. What is the units digit of g?
5
Suppose -2*l + 844 + 1548 = 0. What is the units digit of l?
6
Let k = 291 - 159. Suppose -i = 5*g - k, 0 = g - i + 3*i - 30. Let u = g + 11. What is the tens digit of u?
3
Suppose 2*b + 2 - 4 = 0. Suppose -3*w + 19 = -2*k, -4*w - 3*k + 12 = -19. Let a = w + b. What is the units digit of a?
8
Let j be (25 - 2)/((-2)/(-6)). Suppose -83 - j = -8*m. What is the tens digit of m?
1
Let p = 23 + -32. Let t = -8 - p. What is the units digit of t + 0/(-1) + 15?
6
Let y(c) = -c**3 + 6*c**2 - 16*c + 56. What is the units digit of y(-11)?
9
Suppose -2*k + 9 = k. Suppose 3*h = -3*p + 21, 9 = 4*h + 2*p - 9. Suppose -k*c = -h*z - z + 30, -2*c = 10. What is the units digit of z?
5
Let s be (60/25)/(1/40). Let q be (s/60)/((-4)/(-10)). Let b(h) = 6*h - 2. What is the tens digit of b(q)?
2
Let u(k) = k**3 - 5*k**2 + 6*k - 15. Let j be u(6). Suppose p = z - 0*p - j, -p + 253 = 4*z. What is the tens digit of z?
6
Let g(m) = -m**2 + 10*m - 1. Let t be g(9). What is the units digit of ((-490)/(-8))/7*t?
0
Suppose -8*h - 5*h + 39 = 0. Suppose -d + 97 = -5*o, 4*d = 6*d + h*o - 181. What is the units digit of d?
2
Let f(c) = c + 17. Let d be f(-12). Suppose -2*t + 10 = 3*z, -t - d*z + 6 = -6. Suppose -4*h + 2*n = -116, -t*h - 2*n + 87 = h. What is the units digit of h?
9
Let n(p) = p**3 - 3*p**2 - 6*p + 3. Let a(v) = -2*v - 6. Let g be a(-6). Let t be n(g). Suppose 0 = -5*j + 2*j + t. What is the units digit of j?
5
Suppose o - 3*o + 10 = 0. Suppose 402 = k + k - o*a, a + 2 = 0. What is the tens digit of k?
9
Let v be (-5)/10 + (-26)/(-4). Let z be 0*-3*1/v. Suppose -c = 3*j + c - 28, z = j + c - 9. What is the tens digit of j?
1
Suppose 4*z - 2*z - 3*n = 85, -5*z = 2*n - 222. Let v = 69 - z. What is the units digit of v?
5
Suppose 3*a - 29 = 7*a + 5*y, 5*a = y. Let x be 12*a/(-2) + -2. What is the units digit of 2/x + (-325)/(-10)?
3
Let c(b) be the third derivative of -b**4/12 - 7*b**3/3 + 9*b**2. Let j be c(-6). What is the units digit of (-1038)/(-22) - j/(-11)?
7
Suppose 0*q + 40 = -5*q. Let j(n) = n**2 + n - 7. What is the units digit of j(q)?
9
Let r(a) = a**3 + 25*a**2 + 4*a + 18. What is the hundreds digit of r(-24)?
4
Suppose -v + 746 = -3*l, 5*v + l = 1050 + 2744. What is the hundreds digit of v?
7
Let m(v) = v - 9. Let d be m(11). What is the units digit of 0/d + (1 - (2 - 117))?
6
Let u = -63 - -106. Suppose 320 = 4*g + 16*g. Let n = u - g. What is the tens digit of n?
2
Suppose -25*w + 11414 = -12*w. What is the tens digit of w?
7
Suppose -4*h + h = -21. Let y be (2 + h)*1/1. Suppose -x = -y + 2. What is the units digit of x?
7
Let b be ((-78)/(-5))/(20/50). Suppose -9*i + 633 - b = 0. What is the tens digit of i?
6
Let p(z) = 2*z + 43 + 2*z - 43 + 23*z**2. What is the hundreds digit of p(3)?
2
Let h(a) = -7*a. Let x(o) = -o - 21. Let q be x(-20). What is the units digit of h(q)?
7
Let q be 12*5/(13 + -3). Suppose -h = -2*u - 4*h + 3, -u - q = 3*h. What is the units digit of u?
9
Let b(x) = x**3 + 6*x**2 - x - 1. Let k be b(-6). Let j = k + -10. What is the tens digit of (-12)/j*(-60)/(-9)?
1
Let x = 1273 + 1302. What is the thousands digit of x?
2
Let a(x) be the third derivative of x**5/15 - x**4/6 + 5*x**3/6 - 3*x**2. What is the units digit of a(4)?
3
Let q(l) = -11*l. Let t be (16/4)/(-1) - -7. Suppose -3*u = -3*w - 12, 3*u + 10 = -t*w - 8. What is the units digit of q(u)?
1
Suppose 4*l - 4*k - 57 - 347 = 0, 0 = 3*l + 2*k - 323. What is the units digit of l?
5
Suppose 0 = 15*n - 2619 - 4326. What is the hundreds digit of n?
4
Let b(h) = 1417*h**3 - h**2 + h - 1. What is the units digit of b(1)?
6
Let k be 14/8 - 3/(-12). Let l be (4 - 4)/(-5 + k). Suppose l = -8*t + 3*t + 35. What is the units digit of t?
7
Suppose -7*y + 404 = 103. Let h = 57 - y. What is the tens digit of h?
1
Let b be 1 + -102*2/(-4). Let g = b + -11. What is the units digit of g?
1
Let r(d) = 176*d + 1. Let f be r(-1). Suppose 5*z + 24 = -14*m + 15*m, 5*z - 2*m + 23 = 0. What is the tens digit of f/z - (-12)/(-3)?
3
Let a = 568 + 44. What is the tens digit of a?
1
Suppose a + 5 = 2*a. Suppose 5*l = -a*i + 30, 6*l = -2*i + l + 15. What is the tens digit of (i - 3)*(21 + -1)?
4
Let y(c) = 4*c - 19. Let v be y(6). Suppose 710 = 5*r + v*n, 3*r - 2*n = -20 + 456. Let h = r - 85. What is the units digit of h?
9
Let a = -15 + 15. Suppose -5*p = a, 3*i + 20 - 170 = -4*p. What is the tens digit of i?
5
Let s = -57 - -25. Suppose -30 - 17 = -k. Let r = k + s. What is the tens digit of r?
1
Suppose -9*p + 5*p + 212 = 0. Let z = -15 + p. What is the tens digit of z?
3
Suppose 103*b - 114*b + 19261 = 0. What is the tens digit of b?
5
Suppose 14*s - 13200 = -s. What is the tens digit of s?
8
Let t(y) = 3*y + 9 - 3 + 0*y - y**3 - 7*y + 9*y**2. What is the units digit of t(7)?
6
Let c(t) = -5*t - 7. Let y be c(-2). Suppose y*w - 3*a - 159 = 0, 4*w + 4*a - 214 = 6*a. What is the units digit of w?
4
Suppose -5*g + 14*j + 4150 = 9*j, -4*g = -5*j - 3319. What is the units digit of g?
1
Suppose -22*d + 25*d = 0. Suppose 5*n = 5*v + 670, d*n + n + v = 126. What is the hundreds digit of n?
1
Suppose -3*i = -p + 2*i, 2*p + 4*i - 28 = 0. Let x be p*(-5)/(-10) + -2. Suppose 2 = v, 4*k - x*v = -k + 389. What is the tens digit of k?
7
Suppose 0 = 2*j - 4*d + 8, 7 = 4*d - 5. Suppose 19 = j*u - 87. What is the tens digit of u?
5
Let j = -82 - -46. Suppose -2 = h + 10. Let r = h - j. What is the tens digit of r?
2
Let c be -32 + -3 + 5 - -2. Let m = c + 34. Suppose 5*l = m*k - k + 260, 0 = 4*k. What is the units digit of l?
2
Let w(g) = -6*g + 57. Let p be w(0). What is the tens digit of (-162)/4*(-76)/p?
5
Let z = 353 + -344. Suppose -r + 62 = 2*f + 2*r, 152 = 4*f - r. Let x = f - z. What is the tens digit of x?
2
Let h be ((-1)/2)/(1/(-34)). Let g = 12 - h. Let o(n) = -8*n + 6. What is the units digit of o(g)?
6
Let s = -50 - -237. What is the hundreds digit of s?
1
Suppose -w + 5*v = -282, -v - 84 = 2*w - 659. What is the units digit of w?
7
Suppose -7*u = -i - 2*u - 23, 0 = -5*i + 2*u. Let w(t) = t**i + 8*t + t**2 - 2*t - 5. What is the units digit of w(-6)?
1
Let o(x) = 32 + x + 0*x - 25. Let l be o(4). Suppose 5*j = 2*q + l, 0 = 5*q - 3*q + 4*j - 34. What is the units digit of q?
7
Let x(d) = 38*d + 14. Let g be x(-4). Let j = -66 - g. What is the units digit of j?
2
Suppose -u + 91 = 5*p - 0*u, -3*p = -u - 53. Suppose -18 - p = -v. What is the tens digit of 1 + (-9)/(v/(-136))?
3
Suppose 2*m = -3*m. Suppose 79 = h - s, 2*h - 5*s = -m*s + 149. What is the units digit of h?
2
Let w be 2 + 1/1 - 2. Let f be (-11 + 10)/(w/(-2)). Suppose p - 3*t - 27 = -f*p, -4*p = -2*t - 34. What is the units digit of p?
8
Suppose -5*h + 5*s + 1555 = 0, 3*s = 5*h - 760 - 793